
22
Let f = 6888 - 6598. What is the greatest common factor of f and 8845?
145
Suppose 75*o - 73*o + 2 = 0, 0 = i + 2*o + 30. Let g(c) = 2*c**2 + 60*c + 156. Let x be g(i). Calculate the highest common factor of x and 198.
22
Let t = 74 - 69. Suppose 0 = c - t*q - 176, -5*c + 2*q + 811 = -0*q. What is the highest common factor of 46 and c?
23
Suppose 3*k - 453 = -k - i, 3*k - 3*i = 321. Suppose -18*o + 11*o + k = 0. Calculate the highest common factor of 88 and o.
8
Let h be -28*(8 + 2)*(-306)/765. Let i be (-1118)/(-4) + 3/6. What is the greatest common factor of h and i?
56
Let r(l) = l**3 - 20*l**2 - 20*l - 9. Let b be r(21). Let h(n) = -n**3 + 8*n**2 - 3*n + 16. Let x be h(7). Calculate the highest common factor of b and x.
4
Let b be (6/10)/((-12)/(-1740)). Let v = -66 + b. Calculate the greatest common factor of 168 and v.
21
Suppose -4*t = 3*y - 91, -3*t + y = -8*t + 111. Suppose 0 = -2*r + g + 47, 5*g = -3*r - 11 + 62. What is the greatest common divisor of r and t?
22
Suppose z + 4*y = 108, 213*z + 3*y = 210*z + 351. Calculate the highest common divisor of 30720 and z.
120
Let m = 89 + -80. Suppose -b = 44 + 14. Let o = 85 + b. Calculate the highest common divisor of o and m.
9
Suppose -6*d = -d - 2*r - 1719, -3*d + 1033 = -2*r. Let x = 497 - d. Calculate the highest common factor of 28 and x.
14
Let m(c) = -17*c - 114. Let z be m(-38). Let k be (1 - (-5)/10)*(-28)/(-3). Calculate the greatest common divisor of k and z.
14
Let c(v) = 4*v**3 + 14 - 26*v + 6*v**2 - 3*v**3 - 5 + 20*v. Let y be c(-7). Let r be ((-46)/8)/((-2)/4)*y. What is the highest common factor of r and 253?
23
Let h = -117 + 197. Suppose 9*x = 14*x - h. Let u be (2 - -2)/4*80. Calculate the greatest common factor of u and x.
16
Suppose -4*q - 387 + 548 = -m, -2*m + 198 = 5*q. Let v(y) = 4*y**2 - 5*y - 5. Let n be v(-5). Calculate the highest common factor of q and n.
40
Let n = 50335 + -41410. What is the greatest common factor of n and 700?
175
Let j(v) = v**2 + 36*v + 221. Let q be j(-29). Calculate the greatest common divisor of 1968 and q.
6
Suppose 4*k - 3*d = -1 + 24, -3*k + 4*d + 26 = 0. Suppose 0 = -k*v - 2*v + 600. Calculate the greatest common factor of v and 225.
75
Let c = -1427 + 2449. Calculate the greatest common factor of 56 and c.
14
Suppose -69*t + 82*t = 2639. What is the highest common factor of t and 1653?
29
Suppose -20*x = -613 + 13. What is the greatest common divisor of x and 1965?
15
Suppose 0 = -3*p - 0*p + 990. Let n be ((-48)/30)/(-2 - (-3552)/1800). What is the greatest common divisor of n and p?
30
Let x(z) = 40*z + 3369. Let c be x(-82). Calculate the greatest common factor of c and 17177.
89
Let d(m) be the second derivative of -m**3/3 - 9*m**2/2 - 4*m - 5. Let a be d(-24). What is the highest common divisor of 351 and a?
39
Let y be (6/(-8))/(2/128). Let j = 91 + y. Suppose 4*m = -7*m + 946. What is the highest common factor of m and j?
43
Let m(f) = -3*f + 22. Let i be m(6). Suppose -i*y + 213 + 139 = 0. Let c = y + -42. Calculate the highest common factor of 115 and c.
23
Let u be (-5)/(15/(-28))*3. Let l(d) = -770*d + 1624. Let f be l(2). What is the highest common factor of f and u?
28
Suppose -3*g = -5*g + 30. Suppose -3200 + 1040 = -9*s. Suppose 12*r - s = -4*r. Calculate the highest common factor of r and g.
15
Let q(t) = -3*t**2 - 2 + 158*t**3 - 77*t**3 - 80*t**3 - t. Let z be q(4). Let j be (-2)/(-2) + 1 - -13. Calculate the highest common factor of j and z.
5
Suppose -2*z + 1143 = -291. Let s be z/13 + 6/(-39). Let k be (-4)/(-2) - 25*132/(-165). Calculate the highest common divisor of k and s.
11
Suppose 17*p + 10121 = 115*p - 2129. Suppose -x - 75 = -4*x. What is the highest common factor of p and x?
25
Let i be (-8)/(21/(-182)*1/9). What is the greatest common factor of i and 48?
48
Let z = 38 + -21. Suppose -b - 28 = -5*t, -3*t + 0*t - 5*b = 0. Suppose t*y - 48 - 45 = -4*n, 2*n + 3*y = 49. What is the greatest common divisor of z and n?
17
Let a = -6189 - -6301. Calculate the greatest common factor of a and 238.
14
Suppose x + 245 - 223 = 2*g, 5*x = 5*g - 50. What is the greatest common divisor of 338 and g?
2
Let k = -124 + 204. Let v(n) = 2*n - 198. Let x be v(0). Let i = x + 203. What is the greatest common factor of k and i?
5
Let r = 318 - 204. Let k = 57 - r. Let p = k - -58. Calculate the highest common divisor of p and 8.
1
Suppose -3*v - 3*q = -16 - 26, -2*q = 5*v - 76. What is the highest common divisor of v and 328?
8
Let l(v) = -7*v - 65. Let d(z) = -6*z - 64. Let q(r) = 3*d(r) - 4*l(r). Let b be q(-2). Calculate the highest common factor of 256 and b.
16
Suppose -41*q - 2 = -43*q. Suppose v + q = 14. Let m(n) = 2*n**3 - 9*n**2 + 4*n - 15. Let a be m(6). Calculate the highest common factor of a and v.
13
Suppose 1232*u - 1210*u - 33858 = 0. What is the greatest common divisor of u and 228?
57
Let u(c) = -7*c**3 - 131*c**2 + 30*c - 4. Let x be u(-19). Calculate the highest common factor of x and 21904.
148
Let r = -189 - -141. Let o be 261/6*4/3. Let f = r + o. What is the highest common divisor of f and 40?
10
Suppose 10 = 4*k - 6. Suppose 4*b - 4*z = -2*z + 98, k*b = z + 97. Let y be -66*(147/(-7) - -23)/((-2)/4). Calculate the greatest common factor of b and y.
24
Let n = 74 + -26. Suppose -3*s = 2*k - 28, -50*s + 2*k = -51*s + 4. What is the highest common divisor of s and n?
12
Let h = 64 - 109. Let d = -15 - h. Let i be 1 + 1 + 26 - -2. What is the greatest common divisor of i and d?
30
Let m(o) = 11*o**2 + 40 + 0*o**2 + 60 - 25*o - 2*o - 10*o**2. Let k be m(4). Calculate the highest common factor of 2 and k.
2
Suppose 0 = -3*h + b - 0*b - 5, 4*b + 4 = 0. Let t be 497/7 - (h + -2). What is the greatest common divisor of 50 and t?
25
Let o = 121988 - 121962. Let q be ((-8)/3)/((-2)/78). Calculate the highest common factor of q and o.
26
Let h(k) = k**2 + 7*k - 32. Let g be h(4). Let s(x) = 49*x + 32. Let j be s(g). Calculate the greatest common divisor of j and 31.
31
Suppose -8*j + 6*j = 2*n + 112, -3*j - 160 = -n. Let t = 63 - j. What is the greatest common divisor of t and 26?
13
Let u = 1 - 0. Let h be u/(4 - (-596)/(-148)). Let y = h - -38. Calculate the greatest common divisor of y and 7.
1
Let m(j) = -6*j**2 + 72*j + 7. Let y be m(12). Let z = 0 + 3. Suppose 2*n + z = v + n, -y = -5*v - 3*n. Calculate the highest common divisor of v and 2.
2
Let f(a) = -31*a**2 - 9*a**2 - 4 + 49*a**2 - a. Let r(y) = y - 2. Let d be r(4). Let l be f(d). Calculate the greatest common factor of l and 60.
30
Let k(i) = i**2 - 7*i - 18. Let j be k(9). Suppose j = -7*u - 51 + 9. Let t be 2/(-3) + (-1894)/u. Calculate the greatest common factor of 35 and t.
35
Suppose 188 = -13*t - 46. Let g be (-860)/t - (-80)/360. Calculate the highest common divisor of g and 64.
16
Let t = 17651 - 16445. What is the greatest common factor of t and 4?
2
Let z(v) = -v**3 + 7*v**2 + 10*v - 4. Let h be z(8). Suppose f = y - 198, -3*f - h = -6. Calculate the highest common divisor of y and 56.
28
Suppose 0 = 6*t + 1 - 7. Let o = t - -13. Let k = 396 - 326. Calculate the highest common divisor of k and o.
14
Let g be 2/1*(-5)/((-40)/12). Suppose 0 = -4*b - 5*u + 641, -g*b + 4*u + 472 = -u. What is the greatest common divisor of 106 and b?
53
Suppose 0 = -3*k + 4*r + 93, r - 108 = -4*k + k. Suppose -k - 85 = -2*u. Calculate the highest common factor of u and 12.
12
Let o(d) = 4*d**2 - 13*d - 64. Let b be o(-9). Suppose 44 = 4*c - 2*r, 11*c - 12*c - 2*r = -21. What is the greatest common factor of c and b?
13
Let x(i) = 1329*i**3 - 2*i**2 - 445*i + 446. Let h be x(1). Calculate the greatest common factor of 128 and h.
16
Suppose 16*y - 4*i = 924, 2*i - 7 - 62 = -y. What is the highest common factor of y and 33394?
59
Suppose -13 = 4*y - 233. Suppose -3*v + f = -2*v - 15, 5*v - f - y = 0. Let u = -1859 - -1939. Calculate the greatest common factor of u and v.
10
Suppose 0 = 5*d - 1099 - 1746. Suppose 2319 = 10*g + d. Calculate the greatest common factor of g and 35.
35
Let q(p) = -p**3 - 3*p**2 + 11*p + 10. Let j be q(-5). Suppose u = 4*n + 76, 90 - 422 = -j*u + 4*n. Calculate the greatest common factor of 24 and u.
8
Suppose -11 = 2*m - 45. Let x = -20743 + 20930. Calculate the highest common factor of x and m.
17
Let r(s) = -11*s**2 + 9